a - a - 19 = -3*u, 5*a - 5 = 0. Calculate t(u).
3
Let x(j) be the second derivative of -j**3/3 - 2*j**2 + 186*j. Calculate x(1).
-6
Let i(k) = 2*k**3 - 2*k**2 + 2*k - 1. Let m be 8 + (3/3 - 3). Let u be m - 5 - (1 + -1). Let d be i(u). Let j(h) = 9*h**3 + h**2 + h - 1. Give j(d).
10
Let n(x) = x**3 + 8*x**2 + 5*x + 2. Let w = -315 - -308. Determine n(w).
16
Let h(z) = 5*z + 0*z - 2*z**2 - 4*z**2 - 4 + 10*z**2 - z**2. Determine h(-5).
46
Let g(m) = -4*m**2 - 4*m + 2. Let h be g(-2). Let d be ((-78)/h + -3)/(2 - 0). Let f(w) = w**3 - 6*w**2 + 4*w - 2. What is f(d)?
-7
Let w(b) = -3*b + 14. Let l be w(4). Suppose -4*d = -l*d + 2*j, -3*d - 2*j + 3 = 0. Let f(m) = -m + 4 - 7 + d. Give f(0).
0
Suppose 0 = -4*l + 15 - 55. Let k be (-3)/4*(6 + l). Let g(v) = -4*v - 5. Let s(j) = -3*j - 3. Let c(i) = -5*g(i) + 7*s(i). What is c(k)?
1
Let a = 47 - 22. Suppose 2*b + 5*x = a, -3*b + 40 - 10 = 5*x. Let u(q) = -q**2 + 6*q - 5. Give u(b).
0
Suppose 2*r + 2*k - 23 = -k, -9 = -3*k. Let i(h) = -h**3 + 6*h**2 + 9*h. Determine i(r).
14
Let b(x) = -107*x**3 + x**2 + 211*x**3 - 105*x**3. Give b(0).
0
Let o(z) = -z**3 - z**2 + z - 12. Suppose 3*b - 37 = -3*m - 2*b, -2*b = -5*m + 41. Let w = m + -9. What is o(w)?
-12
Let j(l) = 2*l**3 + 2*l**2 + 2*l + 1. Suppose -26 = 62*n + 36. Calculate j(n).
-1
Let n(p) = -p - 4. Suppose -2 = -q - 0. Suppose -3*r = -0*r - 6. Suppose -32 = 4*s - q*y - r*y, 0 = 3*s + 3*y + 12. What is n(s)?
2
Let l = 62 - 67. Let z(x) be the third derivative of -x**5/60 - 5*x**4/24 - x**3/2 + 7*x**2. Determine z(l).
-3
Let r be (-2)/15 - (39/45 - -2). Let t(p) = p**2 + 5*p + 4. What is t(r)?
-2
Let g(o) = o + 3. Let d be (-18)/(-15)*-5 + 6. What is g(d)?
3
Suppose -4*b - 5*j - 11 = -2*j, b - j - 6 = 0. Let k(t) = -31*t**2 + t - 4*t**3 + 29*t**2 + t**2. Determine k(b).
-4
Let j(x) be the first derivative of x + 20 + 17/2*x**2. Determine j(-1).
-16
Let h(i) be the first derivative of -i**2/2 - 5*i - 228. Determine h(-3).
-2
Let h(j) be the third derivative of j**6/120 - j**5/12 + j**4/3 - 4*j**3/3 + j**2 - 58. Determine h(4).
8
Suppose -10*z + 34 - 454 = 0. Let g = z - -41. Let x(s) = 9*s**2 - 1. What is x(g)?
8
Suppose 33*n - 45*n + 12 = 0. Let o(d) = -11*d**3 + 2*d**2 + d - 2. What is o(n)?
-10
Let v(d) = 65*d - 24. Let f(p) = -23*p + 8. Let y(m) = -17*f(m) - 6*v(m). Give y(7).
15
Suppose 0 = -5*u - 5*k - 5, 6*k - 2*k + 22 = 2*u. Let v(o) be the third derivative of -5*o**2 + 1/24*o**4 + 0*o + 0*o**u + 0. Give v(-2).
-2
Suppose 0 = 4*c - 5*o - 10, 5*o + 6 + 4 = -3*c. Suppose c = 4*l - 3*l + 1. Let w(d) = d + 1. What is w(l)?
0
Let i(x) = x**2 + 5*x + 1. Let v be 12/54 + (-43)/(-9). Suppose -15 = 5*y + v*n, 0 = -4*y - 5*n - 11 - 0. Calculate i(y).
-3
Let p(u) = -u**3 - 4*u + 2*u**3 + 20*u**2 - 19*u**2 + 3*u. Calculate p(0).
0
Suppose 11*f - 2 = 9*f. Let o be -3*f*(-4 + 5). Let b(i) = 2*i - 1. What is b(o)?
-7
Let j(n) be the first derivative of n**2 + 15*n - 256. Determine j(-10).
-5
Let o(j) = 68*j + 32. Let s(r) = 27*r + 16. Let t(f) = 2*o(f) - 5*s(f). What is t(9)?
-7
Suppose 0 = 2*m - 3*q + 74, -4*m + 5*q - 150 = -0*q. Let a = 45 + m. Let u(c) = c**3 - 5*c**2 + c - 1. Give u(a).
4
Let q(d) = 41*d - 43*d - 20 + 5. Determine q(-4).
-7
Let w(s) be the third derivative of 1/10*s**5 + 1/8*s**4 + 19*s**2 + 0 + 1/120*s**6 + 5/6*s**3 + 0*s. Calculate w(-5).
15
Let t(r) = -7*r - 18. Let g(v) = -4*v - 9. Let y(i) = -5*g(i) + 3*t(i). Let f(l) = 8*l - 161. Let w be f(19). Calculate y(w).
0
Let a(m) = 3*m - 4. Let s be a(7). Let d = s + -10. Let x(g) = g**2 - 6*g. Let c be x(d). Let h(r) = r**3 - 7*r**2 + r - 10. Calculate h(c).
-3
Let y(q) be the third derivative of -5*q**4/24 + 2*q**3 - 25*q**2 + 3*q. Give y(5).
-13
Let o(r) = r**2 + 6*r + 14. Let m be (15/(-7))/3*7. Give o(m).
9
Suppose 0 = 4*p - 2*k - 54, 0*k + k = -4*p + 51. Let l(s) = -14*s + 1 + 0 + p*s. Give l(5).
-4
Let n = -24 + 25. Let x(d) be the second derivative of d**4/6 - d**3/6 + 23*d. Calculate x(n).
1
Let t(n) = 91*n - 48*n + 26 - 47*n. Determine t(7).
-2
Let n(d) = d**3 + 33*d**2 + 34*d + 58. Let f be n(-32). Let i(m) = m**2 + 4*m - 6. Calculate i(f).
6
Suppose 12 + 6 = -3*s. Let t(c) be the second derivative of 0 - 4*c - 7/6*c**3 - 3*c**2 - 1/12*c**4. What is t(s)?
0
Let c(x) = x**2 + x + 2. Let l be 3 - 1 - 0 - -4. Let w be (3 - l) + (-5)/1. Let s = -10 - w. Determine c(s).
4
Let r(u) = u**3 + 5*u**2 - 8*u - 8. Suppose 3*y = -4*q - 0*q - 26, 5*q = 3*y + 8. Determine r(y).
4
Let j(f) = 5*f**2 - 3*f - 5. Let o(g) = g**2 - g - 1. Let x(l) = -j(l) + 4*o(l). Determine x(-3).
-5
Suppose -5*p + 19 = 54. Let u(k) = -k**2 - 5*k + 12. Let x be u(p). Let g be (1 - (-10 - -1))/x. Let f(h) = -h**3 - 6*h**2 - 5*h - 5. Give f(g).
-5
Let m(g) = -3*g - 29*g**2 + 3*g + 9*g**2 + 4 + 21*g**2. Let a(w) = -2*w - 5. Let c be a(-4). Give m(c).
13
Let g be -44 + 1 + (7 - 4 - 2). Let p be ((-6)/7)/(g/392). Let y(u) = 2*u. Give y(p).
16
Let h be -2 - (2 + (0 - 3) + 4). Let l(a) be the first derivative of a**2/2 + 5*a - 4. Calculate l(h).
0
Let o(x) = 11*x**2 - 7*x - 29. Let a(g) = -4*g**2 + 2*g + 11. Let q(l) = -8*a(l) - 3*o(l). Give q(6).
-7
Let i(j) = -5*j**2 - 16*j + 17. Let s(d) = 3*d**2 + 9*d - 9. Let r(x) = -6*i(x) - 11*s(x). Determine r(-2).
-9
Let p(u) = -u**3 + 2*u - 1. Let n = -37 - -4. Let v = -32 - n. Give p(v).
0
Suppose w = -n - 0*n + 10, 0 = -2*w - n + 24. Let l(f) = 2*f - 18. Let p be l(w). Suppose -5*m = -p - 0. Let v(x) = 2*x**3 - 2*x + 3. Determine v(m).
15
Let f(k) = k**3 - 3*k. Let x(j) = -5*j**3 - 5*j**2 + 17*j - 9. Let v(l) = -4*f(l) - x(l). Calculate v(-6).
3
Let u be 2/12*2*12. Suppose -2*p + 9 = -4*s - 3*p, 0 = -s + u*p - 15. Let v(a) = a**2 + 3*a - 3. What is v(s)?
-3
Let k(p) be the second derivative of p**4/12 + p**3 - 3*p**2/2 - 3*p. Let q be 3/126*6 - 250/35. Give k(q).
4
Let x(k) be the second derivative of k**5/20 - 5*k**4/12 - k**3/6 + 3*k**2 - k - 1. Calculate x(5).
1
Let w be -8 - (-12 + (-60)/(7 + -13)). Let l(r) be the second derivative of -1/20*r**5 - 5/12*r**4 + r**3 + 0 - 5/2*r**2 + r. Determine l(w).
-5
Let d(c) = -c**3 + c**2 - c + 2. Let j be d(0). Let k(f) = j*f + 0*f + f + 0*f. Let b = 3 - 4. Calculate k(b).
-3
Let y(s) = -s**2 - s + 1. Suppose 5*z + 14 = 4. Let c(u) be the second derivative of -u**5/10 - u**4/4 - u**3/3 - 2*u**2 - 337*u. Let m be c(z). Determine y(m).
-19
Let x = 3 - -3. Let f = -103 - -108. Let b(k) = -12 + 9 - 4*k + f*k. Give b(x).
3
Let w(j) be the second derivative of j**4/12 + 2*j**3/3 + 3*j**2 + 8*j. Suppose 2*t - t + 8 = -3*s, 36 = -4*s + 5*t. Give w(s).
6
Let d(f) = -2*f - 40 - 51 + 151 - 50 - 3*f. Give d(3).
-5
Let h(c) = 7*c**3 + 2*c**2 + 4*c + 2. Let x(r) = -9*r**3 - 3*r**2 - 5*r - 3. Let v(m) = 4*h(m) + 3*x(m). Give v(0).
-1
Let c(t) be the first derivative of -t**4/4 + t**2/2 + 3. Let d be c(-1). Let i(g) be the second derivative of g**4/12 - 3*g**2/2 - g. What is i(d)?
-3
Let n(q) = -31*q**2 + 5*q + 12. Let d(v) = 15*v**2 - 2*v - 5. Let w(x) = -5*d(x) - 2*n(x). Suppose 4*u - 4*c + 21 = -9*c, 16 = u - 3*c. What is w(u)?
-12
Suppose -3*z + 5*c = 19, c + 0*c - 7 = -z. Let q(o) = -5*o + 3*o**z + 7*o**3 - 4*o**3 + 1 - 6*o**3 + 4*o**3. Give q(-5).
-24
Let s be 465/(-93) - 1/(-6)*31. Let g(y) be the third derivative of -s*y**4 + 0*y + 1/60*y**5 - 1/6*y**3 + 0 + 6*y**2. Determine g(5).
4
Let h(p) be the second derivative of -p**3/3 - 5*p**2/2 - 8*p + 1. Give h(-8).
11
Suppose 0 = 5*k - v + 26, -6*k + 2*k = -4*v + 24. Let n(s) be the second derivative of -s**5/20 - 5*s**4/12 - s**3/3 - 3*s**2 + 4*s. Determine n(k).
4
Suppose 5*l = 3*l. Suppose 3*d + 19 = w, -d - w - 5 = -l*d. Let u(p) be the third derivative of -p**6/120 - p**5/10 + p**4/24 + p**3/2 + 8*p**2. Determine u(d).
-3
Suppose -21*x + 19*x = -d - 12, -2*x = -4*d - 18. Let w(u) = -u**2 - u - 1. Let s(m) = m**3 - 6*m**2 - 8*m - 9. Let g(r) = s(r) - 6*w(r). Give g(d).
-7
Suppose 48*o + 22 = 50*o + 4*z, -o - 3*z = -15. Let m(w) = -2*w**2 - 5*w + 2. Give m(o).
-31
Suppose 169 - 49 = 15*m. Let z(x) = x - 12. Give z(m).
-4
Let u(p) = 5*p**2 + 10*p + 9. Let k(n) = -5*n + 4*n**2 - 5*n**2 - n**2 - 4. Let s(w) = 7*k(w) + 3*u(w). Let c = -1940 + 1946. Determine s(c).
5
Let k(i) = 32 - 59 - 2*i**3 - 4*i**2 + 34 + 9*i + i**3. Calculate k(-6).
25
Let y(z) = -4*z**2 + 2. Let m = -12 - -3. Let h be 6